- (1 - 2) - (59 + -72).
6
Calculate -2 + (6 + -5 - 2) + 3.
0
What is the value of 1 + (0 - (-1 + 6) - 1)?
-5
Evaluate (6 - 2) + 0 + 1 + -7.
-2
Evaluate -4 + (1 - -7) + (16 - 19).
1
Evaluate 1 - (-13 - (7 - 12)).
9
-6 + (-1 + 2 - (-32 + 32))
-5
-14 + 14 - (-4 - 2) - 16
-10
Calculate -2 - (-1 - (-1 - (-3 + 1))).
0
Evaluate 5 + (0 - (16 - -2)) + 5.
-8
What is -2 + (10 - 1 - 4)?
3
6 + -9 - (-3 - (0 + 2))
2
What is -1 - (0 - 3) - 6?
-4
What is the value of 3 - 6 - (-3 - 1) - 8?
-7
What is -12 + (2 - -2) + 13?
5
Evaluate 2 + -1 - (-8 + 5).
4
Evaluate -10 + 3 + 4 + -2.
-5
(0 - (1 + -4)) + 2
5
Evaluate 2 - 2 - (18 - 26).
8
What is the value of (2 - (9 - 4)) + -3 - -1?
-5
Calculate (3 - (-2 + 16)) + 5.
-6
What is the value of -14 + 0 + -2 + 10?
-6
What is the value of 3 - (9 + -4 - -1)?
-3
-3 - (-3 + -3 + 8)
-5
What is 3 + -3 - -8 - -2?
10
What is -3 + 0 + 1 - 2?
-4
Calculate (-3 - 5) + 2 + (5 - 4).
-5
What is the value of 3 + -13 + 23 + -11?
2
Evaluate -3 - 5 - 2 - -3.
-7
Calculate (2 - 6) + -10 + -12 + 25.
-1
Evaluate (9 - (-6 + -1 - -9)) + -13.
-6
What is 114 + -124 + 16 + 0?
6
What is -4 + (6 - 2) - (-1 - 0)?
1
What is 4 + -5 + -3 - -8 - 2?
2
What is the value of -2 - 6 - (47 - 54)?
-1
Evaluate 3 + (-2 - -1) + -3 + -3.
-4
9 + (3 - (4 + 0))
8
-4 + 15 + -7 + -2 - 1
1
What is the value of (2 - 5 - -5) + 3?
5
(5 - 5) + -1 + 2 + -2
-1
What is the value of -2 - -7 - (0 - -5)?
0
What is the value of 2 - (7 + 2) - (-2 - 3)?
-2
Evaluate 11 + (-1 + -11 - 1).
-2
Evaluate (22 - (38 + -9)) + (2 - 1).
-6
What is the value of -5 + 2 + 9 - (0 + 0)?
6
What is the value of 7 + (8 - 5 - 5)?
5
(3 + -4 - -6) + -5
0
Calculate 5 - (10 + 1 - 6).
0
(5 - (-6 - -8)) + -6
-3
(1 - -2) + (3 - 9)
-3
What is 0 + 2 + -4 - -1?
-1
Calculate (6 - 2) + (-2 - -2).
4
What is (-11 + 5 - -17) + -8?
3
What is 171 + -160 + (-1 - 13)?
-3
Calculate 0 + 1 - (-10 + 7 - -1).
3
What is -36 - -41 - (0 + 1 + 1)?
3
3 + (-6 - 0 - -1) - -4
2
What is 3 + -4 + (-4 - -2) + -2?
-5
What is -1 - (1 + 0 + 1)?
-3
What is the value of 1 + -2 + 5 + 17 + -21?
0
Evaluate 4 + (-2 - 4) - (-5 - -3).
0
Evaluate 5 - (-6 - -7) - 3 - 9.
-8
What is the value of 4 + (-4 - -2) - (4 - 1)?
-1
(-4 - -9 - 3) + 3
5
What is -10 + 12 - -4 - 4?
2
What is -2 + (-1 + -2 - -2 - 2)?
-5
What is the value of 6 + -8 + 3 + 3 - 0?
4
6 + (3 - ((3 - 8) + 12))
2
Evaluate 0 + -1 + (5 - (1 + -1)).
4
What is 3 - (0 + -1 + 3)?
1
Evaluate (-6 - (-7 + 5)) + (0 - -9).
5
What is (-2 - (-9 - -4)) + -6 - -1?
-2
What is -1 - (-2 - (0 + 1))?
2
What is -3 - -3 - (0 + 0 + -4)?
4
Calculate (0 - 5) + 0 + 0.
-5
Evaluate (-1 - 0) + -1 + -1 + 1.
-2
Calculate -55 - -48 - (-5 + 0 + 0).
-2
What is -1 - (-1 - (5 + -6 + 0))?
-1
Calculate -7 + 1 + (37 + -18 - 17).
-4
Evaluate (-7 - -6) + 6 + -12 + 3.
-4
Calculate 10 + -10 + 7 + -1.
6
What is the value of (5 - 4) + -6 - (-7 + -1)?
3
Evaluate 0 + 2 + -7 + -3 - -6.
-2
Evaluate 1 - (3 + (-10 - -1) - -4).
3
Evaluate 1 + -1 - ((35 - 19) + -16).
0
What is the value of -1 + 8 - (21 + -13)?
-1
What is the value of (1 - (-10 + 12)) + 8?
7
Evaluate -1 + (-10 - -5) + 5 + 1.
0
Calculate 6 + -7 + 1 + -3 + -5.
-8
What is the value of 0 + (-1 + 2 - 2)?
-1
Evaluate (-1 - -2 - 0) + 7 - 1.
7
Calculate 0 + -2 + (-1 + -1 - -1).
-3
Calculate 4 - (-5 + (7 - -4) - 7).
5
6 - -1 - (122 + -115)
0
Evaluate 3 - 1 - -4 - 3.
3
What is the value of 1 - (0 + -2) - (3 - -1)?
-1
What is 29 + -26 + (-5 - 6)?
-8
Calculate (3 + (7 - 3) - -1) + -4.
4
Calculate 6 + (-5 - -2) - 6.
-3
What is (-3 - (0 + -6)) + (0 - 4)?
-1
What is the value of -1 + 0 + -6 + 3?
-4
What is the value of -4 - (5 + -13 - 3) - -1?
8
What is 0 - -1 - (1 - -2 - 5)?
3
What is -6 + -4 + 3 + (2 - 0)?
-5
What is the value of 22 - 21 - (-2 + 1)?
2
What is the value of 0 - (3 + -2 - -2 - 3)?
0
What is -1 - (9 + -18 + 7)?
1
What is the value of 12 - 30 - (5 + -18)?
-5
What is the value of (5 - 1) + 0 + (-5 - -6)?
5
What is the value of 13 - 12 - (-4 - -5)?
0
2 + -4 + -2 + 0
-4
0 - (3 - (1 + -2))
-4
What is the value of (-2 - (3 + -2)) + (-7 - -10)?
0
2 - 3 - (22 - 14 - 15)
6
What is 3 + 1 + 0 - 0?
4
Evaluate 6 - (-13 - -4 - -7 - -5).
3
What is 0 + 10 - (10 - 7)?
7
Calculate (0 - (1 - -5) - -1) + 3.
-2
Evaluate (-5 + 11 - 2) + 8 + -8.
4
What is -7 + 2 - (-12 - (-1 - 3))?
3
What is the value of -73 + 79 + -2 + (0 - 2)?
2
Evaluate -2 - -1 - (-36 + 29).
6
Evaluate (-13 - -7 - -2) + -2.
-6
What is the value of -3 + 4 + 11 + -16?
-4
Evaluate (4 - 0) + -2 + 3.
5
Evaluate (-4 - 0) + 2 + 33 + -35.
-4
Calculate (-3 - -1) + (10 - (5 - 2)).
5
Evaluate 4 - (-2 - (-1 + 0)).
5
What is 7 - (0 - -9 - 6)?
4
What is the value of -2 + -1 + -1 + 9?
5
What is -23 - -35 - (1 - -11)?
0
What is -5 - ((3 - 0) + -4 + 0)?
-4
What is (1 - (9 - 6)) + -1 - 4?
-7
-5 - (-10 + (1 - -3))
1
What is -1 + 0 + (12 - (9 - 1))?
3
What is the value of -1 + 1 + (15 - 10) + 1?
6
12 + -20 + (-1 - (-2 + -3))
-4
Calculate -5 + (-4 + 4 - -3) - 1.
-3
What is the value of 8 + (7 - 6 - 5)?
4
1 + -5 + (-1 - (5 + -6))
-4
-8 + 16 + -10 - (1 + 0)
-3
What is the value of (3 - (-1 + 2)) + -5 + 6?
3
Evaluate (-1 - 7) + (-33 - -36).
-5
-3 - (4 + -5) - 3
-5
What is (-3 - -7) + -4 - 0?
0
Calculate 6 - -3 - (2 - (1 - 3)).
5
What is the value of 3 + -3 - -15 - 8?
7
2 + (1 + 4 - 12)
-5
Calculate 19 - 4 - 10 - (-2 - 3).
10
What is -4 - (-12 + 4 - (-21 - -13))?
-4
What is the value of (-2 - (-8 + 0) - 2) + -8?
-4
Calculate -1 + (-2 - 0) - (1269 - 1276).
4
What is (23 - 9 - 3) + (-1 - 6)?
4
What is the value of (-16 + 22 - 10) + (0 - -1)?
-3
Calculate -10 + 2 - -5 - -2.
-1
-5 - (-2 - -4) - -3
-4
(2 - (8 + -5)) + (-3 - 0)
-4
-7 + 4 - -10 - 4
3
-8 - (0 + 3) - -7
-4
Evaluate -2 + (-10 - -4 - -4).
-4
-9 + 12 + 6 + -6
3
What is the value of -1 + 2 + -1 - (-3 + -1)?
4
Evaluate 2 + (-6 - (-3 + 4)) + 5.
0
What is -15 + (7 + 2 - 4)?
-10
What is the value of -12 + 19 + (-3 - 0 - -1)?
5
What is the value of -5 + (-3 + 17 - (7 + -1))?
3
Calculate 4 - (5 + (-4 + 4 - -3)).
-4
Evaluate 12 - 6 - 0 - 3.
3
Calculate (19 - 25) + 2 + -2.
-6
What is -2 + 5 - (9 - 0) - -1?
-5
What is 2 + -3 + 1 + (4 - 4)?
0
What is -7 - -6 - -2 - 5 - -1?
-3
Evaluate (-1 - 0) + 4 + 2.
5
Evaluate (-9 + 7 - (1 - 1)) + 4.
2
Calculate 2 + -3 - (4 + -7).
2
Evaluate 5 - (0 + -6 + 3 + 6).
2
Calculate -3 + -1 + 3 + 7 + -3.
3
What is -5 - (1 - 0) - (59 + -60)?
-5
-2 - (4 + -6) - 1
-1
What is 5 - (-1 + -1 + 10)?
-3
Calculate -5 + 20 + (0 + 6 - 11).
10
5 + (-21 + 6 - (-2 - 2))
-6
Calculate -9 + 7 + 0 + -3.
-5
Calculate 10 + 5 + -9 - 6.
0
Calculate -2 - (-8 + 3 - -4).
-1
What is the value of -7 + 12 + (-5 - -1)?
1
Evaluate -3 + 4 + 3 + -5 + 2.
1
What is the value of 4 + 1 + -11 + 1?
-5
Calculate -7 + 3 - -2 - (1 - -1).
-4
Evaluate -2 + 0 - 2 - -4.
0
Calculate -8 + 2 + 4 + -3.
-5
0 - (-6 - ((4 - 5) + -2))
3
Calculate -18 + 27 + -14 - (-1 + 0).
-4
Calculate (-3 - (2 + -4)) + (-14 - -17).
2
Evaluate -6 - (-11 - -11 - (2 + -2)).
-6
Evaluate (-2 + -5 - 1) + 5.
-3
What is the value of -2 + 2 + -3 - -6?
3
1 + 0 + 3 + (-10 - -1)
-5
What is the value of -42 + 42 + -2 + -2?
-4
Calculate -5 - -7 - 6 - (-2 - 2).
0
Evaluate (9 - (4 + (4 - 1))) + -5.
-3
(6 - (2 - 2)) + -2
4
6 + -3 + (2 - 8)
-3
What is the value of -15 + 16 + (-1 - 1)?
-1
What is (7 - (8 - -2)) + 7?
4
What is the value of 0 - (2 - (3 - 7 - -2))?
-4
Calculate 5 + -1 + -1 + (-3 - -3).
3
Calculate -2 - (-2 + 5) - -9.
4
Evaluate 6 - (-3 + 1 - (-2 + -2)).
4
-1 + (4 - (5 + -4)) - 4
-2
10 + -2 - (31 - 23)
0
What is the value of -4 + (2 - (-4 - -1))?
1
What is (-2 - (0 - 8)) + (-3 - -1)?
4
What is the value of 0 + 1 + -13 + 10?
-2
3 + (-5 - (-1 + -2 + 3))
-2
-1 + -2 - (-15 - (12 + -27))
-3
Calculate (6 - 2) + -4 - 4.
-4
-1 + (10 - 6) + 2 + -1
4
What is the value of (0 - -2 - (-2 - -3)) + 4?
5
Evaluate 5 + 3 + -9 - -3.
2
(-6 - (3 + -5)) + 0
-4
Calculate -5 + (1 - 5 - -11).
2
-1 + 13 + (6 - 16)
2
What is -4 - (-6 + -7) - 9?
0
Calculate -3 - (-5 + (8 - 0)).
-6
9 + -11 + 5 + -1
2
-4 - (-16 + 1) - 4
7
What is the value of (-1 - (-11 + 9)) + -4 + 0?
-3
Calculate 2 + (6 - 7) + -6.
-5
What is the value of -1 + 4 + -6 + 3 + 0?
0
Evaluate 0 - (11 - (11 - (8 - 0))).
-8
Calculate 2 + (-4 - -2 - -3).
3
Evaluate 4 - 1 - (7 - (1 + 1)).
-2
Evaluate (-5 - -2) + -1 - (-9 - -6).
-1
Calculate (-1 - (-1 + 0) - 0) + -2.
-2
Evaluate 4 - (13 + (6 - 17)).
2
What is (4 + -11 - -13) +